t is -574 - 3?
-577
In base 11, what is 2470 - 4?
2467
In base 12, what is -116 + 14?
-102
In base 3, what is 210111200 + 10?
210111210
In base 13, what is -3 + 13?
10
In base 11, what is 10 + -44?
-34
In base 3, what is -11 + -10200210?
-10200221
In base 9, what is -511 + -4?
-515
In base 12, what is 1 - 34?
-33
In base 16, what is 11 - b0?
-9f
In base 4, what is -1 + 3300?
3233
In base 5, what is -21232 - -3?
-21224
In base 3, what is -1002002 - 102?
-1002111
In base 12, what is 4 + -5?
-1
In base 12, what is -312 + 3?
-30b
In base 6, what is -1 - -253?
252
In base 15, what is -13 - c3?
-d6
In base 12, what is 3 + 3b?
42
In base 11, what is 549 - 1?
548
In base 14, what is 5 - 28?
-23
In base 6, what is -4 - -32?
24
In base 10, what is -7 + 154?
147
In base 7, what is 5 - 3246?
-3241
In base 16, what is -2d - 7?
-34
In base 3, what is -2 + -211010?
-211012
In base 11, what is 300 + 3?
303
In base 4, what is -131 - 101?
-232
In base 13, what is 3 - 30?
-2a
In base 11, what is 4 + -36?
-32
In base 7, what is -2 + -32?
-34
In base 12, what is 0 - -143?
143
In base 8, what is -44137 - -4?
-44133
In base 15, what is -532 - 0?
-532
In base 15, what is 1a2 + -1?
1a1
In base 8, what is 65327 - -5?
65334
In base 4, what is 13203 - -3?
13212
In base 10, what is -46 - 12?
-58
In base 3, what is 1 + -2020?
-2012
In base 6, what is -14 + 0?
-14
In base 14, what is -2 + 15?
13
In base 9, what is -1738 + -14?
-1753
In base 11, what is -7 - -21?
15
In base 16, what is -47 - 18?
-5f
In base 2, what is -10 + -100100100110?
-100100101000
In base 11, what is -229 - 0?
-229
In base 5, what is 221 + 2?
223
In base 4, what is -1030301 - -11?
-1030230
In base 7, what is 4 + 303?
310
In base 2, what is -101110001 - 1010?
-101111011
In base 8, what is 2 + -1646?
-1644
In base 4, what is -21320 + -2?
-21322
In base 14, what is -27 - b?
-34
In base 9, what is 3 - -4361?
4364
In base 15, what is 221 - 1?
220
In base 16, what is 46 + 1?
47
In base 5, what is 102332 + 0?
102332
In base 4, what is -23211 - -10?
-23201
In base 3, what is 210 + 122?
1102
In base 13, what is 35 - -385?
3ba
In base 13, what is 4 + 1656?
165a
In base 11, what is 13 + -5?
9
In base 13, what is -7b - 13?
-91
In base 2, what is -101101 - -110?
-100111
In base 14, what is 1 - -413?
414
In base 9, what is 1 - 13570?
-13568
In base 5, what is -200 - 33?
-233
In base 8, what is 2 + -1031?
-1027
In base 2, what is -11101100 - -100?
-11101000
In base 6, what is -3 + -2212?
-2215
In base 7, what is 22 + 522?
544
In base 9, what is -375 + -41?
-426
In base 4, what is -21 - 1021?
-1102
In base 6, what is -42023 - 4?
-42031
In base 3, what is 11011 + 111?
11122
In base 3, what is -12200 - -10?
-12120
In base 7, what is -3 + -15463?
-15466
In base 8, what is 1 + 134?
135
In base 14, what is 2167 - -2?
2169
In base 10, what is -2 - 65?
-67
In base 11, what is 5 - -88?
92
In base 2, what is 0 - -10010000?
10010000
In base 5, what is -40 - 1?
-41
In base 2, what is -101000111 + 100?
-101000011
In base 12, what is 2 + -41?
-3b
In base 13, what is -2 + -ac?
-b1
In base 10, what is 5 - 811?
-806
In base 5, what is -2 - 33414?
-33421
In base 11, what is 8 + -60?
-53
In base 8, what is -135 + -3?
-140
In base 7, what is 5 - 101?
-63
In base 9, what is 8 + -4?
4
In base 12, what is -87a8 + -2?
-87aa
In base 12, what is 2858 - 2?
2856
In base 6, what is 25503 + -4?
25455
In base 11, what is -6 - 246?
-251
In base 10, what is 29 + -16?
13
In base 11, what is 2 - -81?
83
In base 5, what is -20 + 34?
14
In base 10, what is -11 + 206?
195
In base 16, what is ba9 - 5?
ba4
In base 8, what is -43 - 20?
-63
In base 3, what is -122 + 0?
-122
In base 3, what is 120 - 200?
-10
In base 5, what is 0 + -40121?
-40121
In base 12, what is 1082 + -3?
107b
In base 16, what is -24 + -4?
-28
In base 8, what is 7 - -57?
66
In base 9, what is -3 + 173?
170
In base 10, what is -2 - -60?
58
In base 9, what is -4 - -751?
746
In base 2, what is 11001110 + 101?
11010011
In base 13, what is 14 - -48?
5c
In base 11, what is 9 + -2?
7
In base 14, what is -4d + -2?
-51
In base 16, what is 959 - -6?
95f
In base 16, what is 9e + -9?
95
In base 11, what is 69 - -3?
71
In base 10, what is 25 - -4?
29
In base 4, what is 31 + 0?
31
In base 15, what is -15 - 24?
-39
In base 14, what is -1b + -dd?
-11a
In base 9, what is -546 - -4?
-542
In base 6, what is 2125 - -50?
2215
In base 14, what is 49 + 7a?
c5
In base 7, what is 13335 - -4?
13342
In base 10, what is 4 - -50?
54
In base 6, what is -12 - 0?
-12
In base 12, what is -b + -450?
-45b
In base 13, what is b + 0?
b
In base 15, what is eeb + 5?
1001
In base 16, what is 3 + -c1?
-be
In base 5, what is -14 + -31?
-100
In base 14, what is 1a41 - 3?
1a3c
In base 4, what is 11 - -31230?
31301
In base 5, what is -2143 + -2?
-2200
In base 7, what is 0 - 3?
-3
In base 4, what is 2 + -311132?
-311130
In base 14, what is 13 + 6?
19
In base 12, what is 10 + 690?
6a0
In base 13, what is -2c + 5?
-27
In base 7, what is 41 - 232?
-161
In base 15, what is -3 + 14d?
14a
In base 13, what is 2 - -48?
4a
In base 7, what is 1623 - 0?
1623
In base 12, what is 1 + -923?
-922
In base 11, what is 20 - -18?
38
In base 3, what is -2012 + -2?
-2021
In base 16, what is 2 - -179?
17b
In base 16, what is 0 + -adc?
-adc
In base 5, what is -104 + 214?
110
In base 8, what is -47 + 5?
-42
In base 3, what is 212002100 - 10?
212002020
In base 5, what is 0 - -4022?
4022
In base 4, what is 0 - -120001?
120001
In base 15, what is -18 + 95?
7c
In base 15, what is -2 - 4a?
-4c
In base 9, what is 1 + -270?
-268
In base 12, what is 4 - 15b?
-157
In base 15, what is 0 + 2e?
2e
In base 10, what is 22 + 0?
22
In base 7, what is 5 - -10665?
11003
In base 16, what is df - -2?
e1
In base 15, what is 40d - 2?
40b
In base 10, what is 525 - 1?
524
In base 3, what is 22 + 0?
22
In base 2, what is 100 - 101010110?
-101010010
In base 14, what is 2 + -143?
-141
In base 9, what is 204 - 4?
200
In base 14, what is 6c - -a?
78
In base 8, what is -25 - 27?
-54
In base 3, what is -2211102 + -10?
-2211112
In base 3, what is -10 - 102121?
-102201
In base 5, what is 0 + 243?
243
In base 3, what is -111020 + 2?
-111011
In base 7, what is 12 + 13?
25
In base 6, what is -33 - -14?
-15
In base 4, what is 13 + 202?
221
In base 16, what is -3 - -ca3?
ca0
In base 5, what is -2 - 10202?
-10204
In base 4, what is -32332 - -1?
-32331
In base 6, what is -5 + -12542?
-12551
In base 4, what is -2 - -203?
201
In base 13, what is 10 + 1?
11
In base 9, what is -3 - -21?
17
In base 4, what is 30 - 23131?
-23101
In base 14, what is 21 - 118?
-d7
In base 9, what is 7 + 13?
21
In base 15, what is 7 - 559?
-552
In base 14, what is -2 - a0?
-a2
In base 6, what is -43 + 313?
230
In base 12, what is -126a + -2?
-1270
In base 5, what is -4 - 400?
-404
In base 11, what is 143 + -76?
78
In base 11, what is -4 - 162?
-166
In base 8, what is 2 + -66?
-64
In base 13, what is 3 + -62c?
-629
In base 3, what is 100 + 0?
100
In base 4, what is 10 - 1221?
-1211
In base 13, what is -994 + 5?
-98c
In base 11, what is 794 + -3?
791
In base 6, what is 1302 + 13?
1315
In base 13, what is 107 + 5?
10c
In base 11, what is -4 - -613?
60a
In base 15, what is 14 - 3?
11
In base 13, what is a + 49c?
4a9
In base 14, what is 63 + -52?
11
In base 14, what is -1b - 1c8?
-205
In base 10, what is -102 - -15?
-87
In base 2, what is 1 - -10011000111?
10011001000
In base 6, what is -51055 - -4?
-51051
In base 13, what is 242 - -8?
24a
In base 16, what is 16f + 4?
173
In base 11, what is a5 - -4?
a9
In base 8, what is -2 - 11466?
-11470
In base 4, what is -323302 - -2?
-323300
In base 4, what is -20331200 - -1?
-20331133
In base 8, what is -132 - 54?
-206
In base 14, what is 4 - 75c?
-758
In base 8, what is 1636 + -4?
1632
In base 10, what is -10 - 1?
-11
In base 8, what is 20 - 7?
11
In base 2, what is 1 + -10001000100?
-10001000011
In base 11, what is -2 - 5?
-7
In base 8, what is -7 - -67?
60
In base 14, what is 1b8 + -2?
1b6
In base 13, what is -3873 + -2?
-3875
In base 11, what is 59 + 2?
60
In base 3, what is 122210 - 121?
122012
In base 15, what is 30 + -9?
26
In base 4, what is -201212 - -11?
-201201
In base 8, what is -64 - 4?
-70
In base 13, what is 4 + 15b?
162
In base 4, what is 10 + -13000?
-12330
In base 